se o*p - p - 12 = 0. Suppose 13*x - 15 = p*x. What is the tens digit of x?
1
What is the tens digit of (-2)/((-390)/576 - (-4)/6)?
9
Suppose 5*b + 3*g = -0*b + 980, -4*g = 3*b - 599. What is the hundreds digit of b?
1
Let y(v) = v**3 - v**2 + v - 17. Let s be y(0). Let w = 36 + s. What is the units digit of w?
9
Let c be (6 - 2) + 1 + -3 + -62. Let p = 122 + c. What is the tens digit of p?
6
Let z(v) = 532*v - 467. What is the units digit of z(7)?
7
Let z = -29 + 291. What is the hundreds digit of z?
2
Let p(r) = -40*r - 34. What is the units digit of p(-8)?
6
Let l(p) be the first derivative of p**3/3 - 3*p**2 + 8*p + 1. Let y be l(5). Let z(a) = 3*a**2 - 6. What is the tens digit of z(y)?
2
Let m(n) = 2*n - 6*n + 2*n + 3. Suppose 4 = v, -4*v = -3*a - 2*v - 20. What is the tens digit of m(a)?
1
Suppose -10*o = 2*o - 1368. What is the hundreds digit of o?
1
Suppose -3*i + 3*l + 714 = 0, -3*i - 3*l = -8*l - 712. What is the hundreds digit of i?
2
Suppose 13*r - 12 = 10*r. Suppose -r*x + 125 = -535. What is the tens digit of x?
6
Suppose 2*l - 15676 = -6*k + 13526, 5*k - 24337 = -l. What is the tens digit of k?
6
Suppose -w - 19 + 2 = 5*l, 2*l - 14 = -3*w. Suppose -3*z = -w*z + 95. Suppose z + 6 = 5*v. What is the units digit of v?
5
Suppose -o = -1 - 1. Suppose -o*d - 2*t = -7*t - 171, -4*t + 477 = 5*d. What is the units digit of d?
3
Let c = -508 + 947. What is the hundreds digit of c?
4
Let v(w) = -8*w + 2. Let r(b) = 12*b - 3. Let i(g) = -5*r(g) - 7*v(g). What is the units digit of i(-2)?
9
Let p = -2472 - -3470. What is the units digit of p?
8
Let k = 3 + -1. Let c be k/4 + 7/2. Suppose -b = -c*m + 18, 2*b = 2*m - b - 4. What is the units digit of m?
5
What is the thousands digit of 8 + 7/(-28)*-16724?
4
Suppose 0*p = -2*p - 22. Let u = p + 19. Suppose -u = 4*g - 84. What is the tens digit of g?
1
Suppose v = 1, -w + 13*v = 15*v - 2363. What is the hundreds digit of w?
3
Let v be 90/(-5)*(0 + 2/(-4)). What is the tens digit of -11*-3*42/v?
5
Suppose 3*m = m - 10. Let h(o) = 3*o**2 + 2*o - 4. Let a be h(m). Let u = a - 28. What is the units digit of u?
3
Suppose -h + 290 = -3*j, -5*j + 418 + 742 = 4*h. What is the hundreds digit of h?
2
Let u(x) = x**2 + x + 2. Suppose 0 = -6*p + 2*p. Let h be u(p). Let s = h + 8. What is the tens digit of s?
1
Let x = 9 - -1. Suppose -3*w - x = -8*w. Suppose 2*q - 2 = w. What is the units digit of q?
2
Let x be (-2 + (4 - 4))*5/(-2). Suppose o = -3*o + 148. Suppose 4*u + o - x = 2*n, -2*n + 3*u = -31. What is the tens digit of n?
1
What is the units digit of 9037/13 + 9/((-585)/10)?
5
Suppose -2*c + 3*j - 6*j = -133, -3*j + 68 = c. Let y = c - 16. What is the units digit of y?
9
Suppose 2*p = 2*t + 1208, 4*t = 4*p - 8*p + 2408. What is the tens digit of p?
0
Let x(t) = 146*t + 10. Let v be x(-2). What is the units digit of (v/9)/((-1)/3)?
4
Suppose 0 = 3*r + r + 336. Let t = r + 169. Suppose -3*w = 2*w - t. What is the units digit of w?
7
Suppose 4*v - 75 = 37. What is the tens digit of (-66)/(-24)*(-5)/((-5)/v)?
7
Let s = -24 - 5. Let h = s + 80. Let a = h + -21. What is the units digit of a?
0
Let i(o) = -2*o + 5*o + 15 + 0*o - o. What is the units digit of i(6)?
7
Suppose 50*t - 149640 = -8*t. What is the tens digit of t?
8
Suppose 4*z = -1 + 9. Suppose 2*g + z*g = 0. Suppose 0*o + o - 25 = g. What is the tens digit of o?
2
Let q(l) = l**3 - 3*l**2 - 3*l - 2. Let d be q(4). What is the hundreds digit of (-249)/(-2) + d + 9/(-6)?
1
Let b = -388 - -716. What is the hundreds digit of b?
3
Let i(m) = m**2 + 0*m**2 + 7 - 2. What is the tens digit of i(6)?
4
Let w be (1*4)/2 - (-1372)/7. Suppose n = 4*i - w, -4*n + 1 = 5*i - 236. What is the units digit of i?
9
Suppose 2452 = 37*y - 36*y. What is the tens digit of y?
5
Suppose 480 - 1162 = -2*t. What is the hundreds digit of t?
3
Let s(m) = -m**3 - 5*m**2 + 6*m + 3. Suppose 2*h + 0*v + 17 = -v, 0 = -h - v - 11. Let g be s(h). Suppose -x - g = -25. What is the units digit of x?
2
What is the units digit of 24*(-10)/((-220)/473)?
6
Let m = 257 + -252. What is the units digit of m?
5
Let m(j) = j**3 + 10*j**2 + 8*j + 4. Let p = -23 - -14. Let w be m(p). Suppose w*v - 50 = 8*v. What is the units digit of v?
0
Let j = -12 - -8. Suppose -5*a = -v - 52, a - 58 = -4*a + 4*v. Let d = j + a. What is the units digit of d?
6
Let f = -10 + -4. What is the units digit of f/(-3 - 5/(-5))?
7
Let r(t) = 245*t - 970. What is the hundreds digit of r(8)?
9
Let k be 4008/20 - (-4)/(-10). Let u = k - 105. What is the units digit of u?
5
Suppose -5*x + 0*x = -475. Suppose -67 = 7*p - 6*p. Let z = p + x. What is the units digit of z?
8
Let c(v) = 76*v - 110. What is the units digit of c(5)?
0
Suppose -5*s - 3*q = -3, 0 = s + 2*s - q + 1. Suppose r + f - 76 = -7, s = 2*f + 10. Let y = -46 + r. What is the tens digit of y?
2
Suppose -5*j - 435 = -h, -2*h - 1721 = -6*h + j. What is the units digit of h?
0
What is the units digit of 1/(-6) - 23970/(-180)?
3
Let x be 1 + 1 - (1 + -2)*158. Suppose -x*l = -164*l + 388. What is the units digit of l?
7
Let a = 28 + 214. Let o = 348 - a. What is the hundreds digit of o?
1
Let q(r) be the second derivative of -r**5/20 + 5*r**4/6 + r**3/6 - 3*r. Let o be q(10). What is the units digit of (-27)/(-5) + o/(-25)?
5
Suppose -16 = 5*a - 4*s + 5*s, 0 = 2*a - 5*s + 1. What is the units digit of -51*(0 - -3)/a?
1
What is the units digit of 9 + -3 + -1 + (624 - 0)?
9
Let r(f) = -3*f**2 - 17*f - 7. Let k be r(-5). Let w be -1 + 2/((-2)/(-1)). Suppose -g + 0 = 1, -3*c - k*g + 12 = w. What is the units digit of c?
5
Let g(b) = -29*b**3 + b**2. Let t be g(1). Let c be (9/(-2))/((-2)/(-12)). Let h = c - t. What is the units digit of h?
1
Let w = 10 + -6. Let i be (-1)/(2*(-2)/16). Suppose -2*v + i*b = -v - 32, -3*v = w*b - 32. What is the tens digit of v?
1
Let u(r) = -r - 1. Let g(d) = -d**3 + 10*d**2 + 3*d - 5. Suppose 3*y + 20 = -5*q, -7 - 3 = 5*q + y. Let z(s) = q*u(s) + g(s). What is the units digit of z(10)?
6
Suppose 0 = 2*k + 2*k - 24. Suppose -b = -k*b. Let q = 12 + b. What is the units digit of q?
2
Let j = 5 + -10. Let w(u) = -3*u - 12. Let x be w(j). Suppose 0 = -x*v + v + 6. What is the units digit of v?
3
What is the tens digit of -1 + 629 - (-12 + 5 + 8)?
2
Let k be (0 + 4/8)*24. What is the units digit of (-2)/k + (-2502)/(-108)?
3
Suppose -b = 3, -b + 153 = 4*y - 2*y. Let q = -65 + y. What is the tens digit of q?
1
Let f(n) = -377*n - 301. What is the thousands digit of f(-7)?
2
Let y = -1064 - -1889. What is the tens digit of y?
2
Let k(s) = 204*s**2 - 9*s + 1. What is the thousands digit of k(3)?
1
Suppose -2*h = -4*m + 5 + 1, -2 = m + 3*h. Suppose m + 8 = z. Let c = 10 - z. What is the units digit of c?
1
Let z be (-1 - 1)*339/(-6). Suppose 472 = 6*l - 2*l - d, -d + z = l. What is the tens digit of l?
1
What is the hundreds digit of ((-11202)/(-30))/(14/140)?
7
Let k be 4 + -4 + 1 + 1. What is the units digit of k/5 + 293/5?
9
Let q(f) = -f**2 - 2*f - 4. Let s be q(-3). Let y be 18/63 - (-226)/s. Let t = y + 47. What is the units digit of t?
5
Let u = 108 + 286. What is the tens digit of u?
9
Suppose 3*y - 5*y = j - 4977, 2*y = 2*j - 9936. What is the units digit of j?
1
Let a(x) = 3*x**2 - 25*x - 17. What is the tens digit of a(13)?
6
What is the tens digit of (8784/32)/((-4)/(64/(-12)))?
6
Suppose 676 = -p + 5*p. Suppose o + 3*o = 4*j + 236, j = -3*o + p. What is the tens digit of o?
5
Let t(z) = 5*z + 4*z**2 + 0*z**3 + z - z**3 - 7. Suppose -21*m + 192 = 27*m. What is the units digit of t(m)?
7
Let w(y) = -2*y - 10. Suppose 2*p - 14 = 4*p. Let v be w(p). Suppose 3*n - v*o - 60 = -0, -2*o = 0. What is the units digit of n?
0
Let q(n) = n**2 + 9*n + 9. Let h be q(-13). Let w = 97 - h. What is the units digit of w?
6
Suppose 0 = -5*r + y + 5654 + 2417, 2*y + 2 = 0. What is the units digit of r?
4
Let f(z) = 4 - 15 + 36*z + 4. What is the tens digit of f(2)?
6
Suppose -3*u - u + 12 = 0. What is the hundreds digit of ((-700)/8 - u)*-2?
1
Suppose -439 = 7*u - 1503. What is the tens digit of u?
5
Let u(s) = s**3 - 4*s**2 + 2*s - 3. Let h be u(4). Let c = 14 - h. What is the units digit of c?
9
Let f(u) = 3*u + 4. Let p(i) = 3*i + 3. Let t(o) = 3*f(o) - 2*p(o). Let n be t(-4). Let l = -3 - n. What is the units digit of l?
3
Suppose 0 = 5*c 